ppose -j*p = -8*p - 16777. What are the prime factors of p?
883
Let s = -96 + 194. What are the prime factors of (6 + s + -1)*(4 + -1)?
3, 103
What are the prime factors of ((-12)/(-10))/((-56)/70) + (-98871)/(-6)?
16477
Let t(b) = -b + 26. Let q be t(-24). Let l(g) = -4 - q*g + 18*g - 54*g - 2*g. List the prime factors of l(-1).
2, 3, 7
Suppose -5*z + 14347 = -4*j, -4*j = -3*j - 2. List the prime factors of z.
3, 11, 29
Suppose 0 = -4*b - 2*m + 13 - 5, -2*m = 8. Let r(c) = -69*c - 11. Let q be r(b). Let n = q + 521. List the prime factors of n.
2, 3, 13
Let k(h) = 11*h**3 - 25*h**2 - 11*h - 62. Let g(y) = 3*y**3 - 8*y**2 - 4*y - 21. Let q(n) = 7*g(n) - 2*k(n). List the prime factors of q(-7).
2, 17
Let w(r) = -30*r - 84. Let d be w(-4). Suppose -5*c + 2 = 2*s - 3, 0 = s - 3*c - 8. Let k = d - s. List the prime factors of k.
31
Let v(q) = q**3 - 8*q**2 + 3*q + 17. Let m be v(8). Suppose 16*s - 11229 = -m*s. List the prime factors of s.
197
Suppose 5*a + 2*j = 5*j, -28 = -a - 5*j. Let r(p) = p**2 + 4*p - 4. Let x be r(a). Suppose f - x = 6. List the prime factors of f.
23
Suppose 2703 = -6*s + 23*s. List the prime factors of s + (6/10)/((-3)/15).
2, 3, 13
Let k(l) = -49*l**3 - 4*l**2 + 6*l + 3. Let r be k(-4). Suppose 40*b = 37*b + r. List the prime factors of b.
3, 113
Let i be (9/2 - 5)/((-2)/(-32)). Let l be 1*-14*i/16. Suppose 0 = -l*g + 7 + 406. List the prime factors of g.
59
Let v = -14528 - -24296. What are the prime factors of v?
2, 3, 11, 37
Suppose -8*s = -372 - 660. Suppose 19*b + s = 22*b. List the prime factors of b.
43
Let t(x) = 7636*x**2 - 23*x + 29. List the prime factors of t(2).
7, 89
Let j(h) be the second derivative of h**5/20 + h**4 - 4*h**3/3 + 3*h - 4. Let p = 19 - 31. List the prime factors of j(p).
2, 3
Let c(g) = g**3 + 12*g**2 + 29*g + 12. Let u be c(-8). Let a(z) = -z**3 + 36*z**2 - z + 73. What are the prime factors of a(u)?
37
Let q be (68/51)/((24/9)/4). Suppose -4*n + y + 1676 = 0, 0*n - q*y - 1262 = -3*n. List the prime factors of n.
2, 11, 19
Let y(w) = -7*w - 10. Let f(k) = -18*k - 24. Let b(s) = 2*f(s) - 5*y(s). Let q be (-82)/8 + (-1)/(-4). List the prime factors of b(q).
2, 3
Suppose 0 = 2*b - 5*b + 6. Suppose 0 = -b*p + 1 - 9, -h + 3*p - 6 = 0. List the prime factors of h/36 + (-198)/(-4).
7
Let f(j) = 2*j**2 + j - 3. Let q = -62 - -64. Let y be f(q). Let i(v) = 10*v - 11. What are the prime factors of i(y)?
59
Let y(k) = k**3 - 18*k**2 + 14*k + 21. Suppose 10*u - 11*u + 17 = 0. Let g be y(u). List the prime factors of 836/10 - 12/g.
2, 3, 7
Let j = -315 - -864. Suppose 7*c - j + 24 = 0. What are the prime factors of c?
3, 5
Let t(v) = v**2 - 2*v - 11. Let m be t(-3). Suppose 2*o = 24 - m. Suppose 2*p - 3*r - 132 = 0, 5*r + 179 = 3*p + o*r. What are the prime factors of p?
3, 7
Suppose -2*r = -4*g - 12522, 37*g + 9396 = 34*g - 3*r. Let t = -2064 - g. What are the prime factors of t?
11, 97
Let p be 761/3 + (-7)/(-21). Suppose -5*t = 4*l - 750 + p, -3*t = 5*l - 295. Let z = t + -50. List the prime factors of z.
2, 5
Let t(h) = 3*h**3 + 4*h + 53. Let q(c) = -4*c**3 - 7*c - 54. Let l(y) = 2*q(y) + 3*t(y). Let v be 0*3/(5 + 1). List the prime factors of l(v).
3, 17
Let h be (3 + 34/6)*(-43416)/6. What are the prime factors of h/(-60) + 2/(5*-2)?
5, 11, 19
Let p = 5420 - 2783. Suppose 4*q + 4 = 20, 5*z + 3*q - p = 0. Let f = -373 + z. What are the prime factors of f?
2, 19
Let k(j) = 51*j**2 - 8*j + 23. Suppose 712*q - 711*q - 4 = 0. What are the prime factors of k(q)?
3, 269
Let a be 60/48 + 1/(-4) + 16983. Suppose -20*q - 2*q = -a. What are the prime factors of q?
2, 193
Let s = -31026 + 62356. List the prime factors of s.
2, 5, 13, 241
Let a(s) = 38*s - 9. Suppose 0 = -3*d + 9. Let h be a(d). What are the prime factors of h/1 + (-3 - -2)?
2, 13
Suppose w + 3*r - 29 = 50, -r = -2*w + 151. Let d = -140 + w. Let p = 17 - d. List the prime factors of p.
3
Let v(y) be the third derivative of y**4/24 + 13*y**3/3 + 246*y**2. Let x be ((-52)/(-12))/(2/(-6)). List the prime factors of v(x).
13
Let w(f) = -2*f + 15. Let p be w(6). Suppose 5*g + 901 = p*d - 0*g, 618 = 2*d + g. List the prime factors of d.
307
Let z be ((-256)/(-224))/((-4)/(-14)). Suppose -1796 = -z*d - 4*a + a, -3*a + 1344 = 3*d. What are the prime factors of d?
2, 113
Let a = 2435 - 916. List the prime factors of a.
7, 31
Let w(v) = -v**2 - 15*v - 8. Let o be w(-13). Suppose 25*i = 19*i + o. Suppose i*p = 649 + 113. What are the prime factors of p?
2, 127
Let j(n) = -n + 19. Let k(t) = -2*t. Let o(c) = 3*c. Let v(s) = -7*k(s) - 5*o(s). Let z(m) = j(m) + 5*v(m). List the prime factors of z(-14).
103
Suppose -j = -4*b + 14604, -j + 14596 = -61*b + 65*b. List the prime factors of b.
2, 5, 73
Suppose 0 = z + 2*m - 130, 0*z - 404 = -3*z + m. Let y = 196 - z. Let p = -41 + y. What are the prime factors of p?
3, 7
Let b(i) = 14*i. Let s be b(-3). Suppose t - 3*v + 45 = 0, 121 - 129 = 4*v. Let c = s - t. What are the prime factors of c?
3
Let q(l) = 3*l**3 - 2*l**2 - 8. Let k be q(3). Let h = k + -20. List the prime factors of ((-450)/h)/((-3)/28).
2, 3, 5
Suppose 20*k = 54*k - 322524. List the prime factors of k.
2, 3, 17, 31
Let z(k) = -19*k - 10*k - 6 - 3*k**2 - 2. Let w be z(-9). Suppose -21*y + w*y = -1738. List the prime factors of y.
2, 79
Let s = 6202 - -2906. List the prime factors of s.
2, 3, 11, 23
Suppose 0 = 28*t + 2020 + 6100. List the prime factors of 10/15*6/(-5)*t.
2, 29
Let g(t) be the third derivative of -t**5/15 + 11*t**4/4 - 5*t**3/2 - 142*t**2. What are the prime factors of g(15)?
3, 5
Let j(c) = 2*c**2 + 81*c - 290. Let f be j(-42). Suppose -432 = 2*s + 2*s. Let n = s - f. What are the prime factors of n?
2, 7
Let p be 2 - (1 - 0 - 1). Let h(f) = -f**p - 10 + 10*f - 2*f + 9*f. List the prime factors of h(9).
2, 31
Let f = 48967 + -29310. What are the prime factors of f?
11, 1787
Let g(t) = 3*t**2 + 20*t - 7. Let s be (-192)/160 - (-114)/(-5). List the prime factors of g(s).
17, 73
Let g(u) = 547*u**3 - u**2 + 2*u - 2. Let n be g(1). Suppose -6*m - n = -108. Let d = m + 161. List the prime factors of d.
2, 11
Suppose 249068 = 86*m - 477976. What are the prime factors of m?
2, 3, 1409
Let t(k) = -4*k - 19. Let i be t(-6). Suppose 0 = 2*a - 13 + i. Suppose -804 = -a*o - w, -5*o - 4*w = -670 - 324. What are the prime factors of o?
2, 101
What are the prime factors of 4165 - (29/(-116) + (-33)/12)?
2, 521
Suppose 34272*j + 287266 = 34289*j. What are the prime factors of j?
2, 7, 17, 71
Let a(x) = x**3 - 29*x**2 + 29*x - 21. Let o be a(28). Let u = o - 5. Suppose -5*y + 1040 = -u*k, 5*y - y - 804 = -4*k. What are the prime factors of y?
2, 103
Suppose -10520 = -4*i - 5*a - 1024, 7121 = 3*i + 4*a. Suppose 20*x - i - 5861 = 0. List the prime factors of x.
2, 103
Let g be (-15)/5 + 6 - -135. Let m be (1*23)/((-5)/10). Let v = g + m. List the prime factors of v.
2, 23
Let h(l) = 33*l**3 - 6*l**2 - 17*l + 30. List the prime factors of h(6).
2, 3, 5, 19
Suppose 11*o - 18*o = -21. Let z = o + 225. What are the prime factors of z?
2, 3, 19
Let h(w) = 15*w - 7. Suppose 37 - 53 = -4*b. Suppose b*o = 16, -5*d + 29 = -4*d + 5*o. List the prime factors of h(d).
2
What are the prime factors of (-264)/(-9)*2061/12?
2, 11, 229
Suppose 46*z - 24*z - 15158 = 0. Suppose 0 = -5*n + z + 161. What are the prime factors of n?
2, 5, 17
Let h(j) = 3*j**2 - 7*j - 7. Let g be h(4). Suppose 18*q = g*q - 50. List the prime factors of ((-54)/q)/((-18)/45)*-20.
2, 3, 5
Suppose -2*o = 4*s - 7758 - 7502, 4*s - 30540 = -4*o. List the prime factors of o.
2, 5, 191
Let k(y) = 2*y - 18*y + 17*y + 325 - 22*y - 23*y. List the prime factors of k(6).
61
Let u(w) = -537*w - 2725. What are the prime factors of u(-47)?
2, 11257
Suppose -3*h - 5 + 17 = 0. Suppose -3*x + 1132 = -t, -h*x - 3*t - 380 = -5*x. List the prime factors of x.
13, 29
Suppose -49*h + 541707 - 181263 = 0. What are the prime factors of h?
2, 3, 613
Let z be ((-60)/80 - 50/(-24))*1698. Suppose -8*n = -z - 2040. What are the prime factors of n?
2, 269
Suppose -6*t = -22193 + 629. List the prime factors of t.
2, 3, 599
Suppose 0 = -25*y + 37743 + 114132. List the prime factors of y.
3, 5
Suppose -53748 = -554*h + 545*h. List the prime factors of h.
2, 1493
Suppose 0 = 15*x - 9341 - 9361 - 1773. List the prime f